{"id":3489,"date":"2024-01-16T12:22:43","date_gmt":"2024-01-16T11:22:43","guid":{"rendered":"https:\/\/dunofilms.fr\/?page_id=3489"},"modified":"2026-04-23T17:50:44","modified_gmt":"2026-04-23T15:50:44","slug":"la-petite-graine","status":"publish","type":"page","link":"https:\/\/dunofilms.fr\/en\/la-petite-graine\/","title":{"rendered":"A Seed of Trouble"},"content":{"rendered":"<div data-label=\"Content\" data-id=\"content-image-left\" data-category=\"content\" class=\"content-left-image-section content-image-left\" id=\"content-3\" style=\"background-color: #ffffff; background-image: none;\" data-ovid=\"ovid-content-3-2938\">\r\n<div class=\"gridContainer\">\r\n<div class=\"row\">\r\n\r\n<img loading=\"lazy\" decoding=\"async\" src=\"https:\/\/dunofilms.fr\/wp-content\/uploads\/2026\/04\/AFFICHE-DEF_LPG_final-scaled.png\" alt=\"\" width=\"530\" height=\"702\" class=\"alignleft wp-image-3978\" srcset=\"https:\/\/dunofilms.fr\/wp-content\/uploads\/2026\/04\/AFFICHE-DEF_LPG_final-scaled.png 1932w, https:\/\/dunofilms.fr\/wp-content\/uploads\/2026\/04\/AFFICHE-DEF_LPG_final-226x300.png 226w, https:\/\/dunofilms.fr\/wp-content\/uploads\/2026\/04\/AFFICHE-DEF_LPG_final-773x1024.png 773w, https:\/\/dunofilms.fr\/wp-content\/uploads\/2026\/04\/AFFICHE-DEF_LPG_final-768x1018.png 768w, https:\/\/dunofilms.fr\/wp-content\/uploads\/2026\/04\/AFFICHE-DEF_LPG_final-1159x1536.png 1159w, https:\/\/dunofilms.fr\/wp-content\/uploads\/2026\/04\/AFFICHE-DEF_LPG_final-1545x2048.png 1545w, https:\/\/dunofilms.fr\/wp-content\/uploads\/2026\/04\/AFFICHE-DEF_LPG_final-9x12.png 9w, https:\/\/dunofilms.fr\/wp-content\/uploads\/2026\/04\/AFFICHE-DEF_LPG_final-1024x1357.png 1024w, https:\/\/dunofilms.fr\/wp-content\/uploads\/2026\/04\/AFFICHE-DEF_LPG_final-815x1080.png 815w\" sizes=\"auto, (max-width: 530px) 100vw, 530px\" \/>\r\n<div class=\"content-left-image-textcol dynamic-color\" data-type=\"column\">\r\n<h4 style=\"text-align: center;\"><a href=\"https:\/\/www.allocine.fr\/seance\/film-1000012344\/\"><em>ACTUELLEMENT AU CINEMA<\/em><\/a><\/h4>\r\n<h4 class=\"\" style=\"text-align: center;\">Denis et C\u00e9line r\u00eavent d\u2019avoir un enfant. Apr\u00e8s des ann\u00e9es d\u2019ins\u00e9minations artificielles infructueuses, ils se lancent dans le plan de la derni\u00e8re chance : demander \u00e0 Piche, un ancien camarade de classe dont Denis \u00e9tait le souffre douleur, de les aider.<\/h4>\r\n&nbsp;\r\n<p class=\"\" style=\"text-align: center;\"><strong>Sc\u00e9nario et r\u00e9alisation :<\/strong> Mathias et Colas Rifkiss<\/p>\r\n&nbsp;\r\n<p style=\"text-align: center;\"><strong>Casting :<\/strong> S\u00e9bastien Chassagne, Louise Massin, Oussama Kheddam et Delphine Baril<\/p>\r\n&nbsp;\r\n<p style=\"text-align: center;\"><strong>Image :<\/strong> Romain Fisson<\/p>\r\n&nbsp;\r\n<p style=\"text-align: center;\"><strong>Musique :<\/strong> Mathias et Colas Rifkiss<\/p>\r\n&nbsp;\r\n<p style=\"text-align: center;\"><strong>Partenaires :<\/strong> Auvergne-Rh\u00f4ne-Alpes Cin\u00e9ma, CNC, Dotimages<\/p>\r\n<p style=\"text-align: center;\"><strong>S\u00e9lections en Festivals \u2013 France :\r\n<\/strong>Festival du Film Francophone d&rsquo;Angoul\u00eame 2025 ; Fifigrot 2025 ; Festival de Brides les Bains 2025 ; SMR13Festival 2025 ; Hors comp\u00e9tition au Festival du Premier Film d&rsquo;Annonay 2026 ; Festival du Film Auralpin 2026<\/p>\r\n<p style=\"text-align: center;\"><strong>S\u00e9lections en Festivals \u2013 Etrangers :\r\n<\/strong>Festival International du Film de Com\u00e9die de Li\u00e8ge 2025<\/p>\r\n<p style=\"text-align: center;\"><strong>Awards :<\/strong>\r\nPrix coup de c\u0153ur du public au Festival de Brides les Bains 2025 ; Prix d&rsquo;interpr\u00e9tation masculine pour Oussama Kheddam au Festival International du Film de Com\u00e9die de Li\u00e8ge 2025 ; Prix du Meilleur film &#8211; Prix d\u2019interpr\u00e9tation masculine pour Oussama Kheddam &#8211; Prix sp\u00e9cial du jury pour Delphine Baril et Louise Massin au SMR13Festival 2025 ; Mention sp\u00e9ciale du Jury pour Louise Massin au Festival du Film Auralpin 2026<\/p>\r\n<p style=\"text-align: center;\"><strong>2025<\/strong><\/p>\r\n\r\n<\/div>\r\n<\/div>\r\n<\/div>\r\n<\/div>\r\n<div data-label=\"Cta\" data-id=\"cta-centered-bg-section\" data-category=\"cta\" class=\"cta-centered-bg-section white-text\" data-parallax-depth=\"20\" id=\"cta-1\" style=\"background-color: #f6f6f6; background-image: url('https:\/\/dunofilms.fr\/wp-content\/uploads\/2024\/01\/cropped-JINX_2609-e1705402766121.png'); background-size: cover; background-position: center top;\" data-ovid=\"ovid-cta-1-2494\">\r\n<div class=\"gridContainer\">\r\n<div class=\"cta-centered-bg-section-row\">\r\n<div class=\"cta-centered-bg-section-row-2\">\r\n<div class=\"cta-centered-bg-section-col dynamic-color\" data-type=\"column\">\r\n<h3 class=\"cta-centered-bg-section-title\"><span class=\"cta-centered-bg-section-title-bold\" href=\"#\">The Mark\u00a0<\/span>by Franck Richard<\/h3>\r\n<a class=\"button big transparent white-text\" href=\"https:\/\/dunofilms.fr\/en\/la-marque\/\" target=\"_self\" data-icon=\"fa-arrow-right\" rel=\"noopener\"><span class=\"button-icon fa fa-arrow-right\"><\/span> <\/a>\r\n\r\n<\/div>\r\n<\/div>\r\n<\/div>\r\n<\/div>\r\n<\/div>","protected":false},"excerpt":{"rendered":"<p>ACTUELLEMENT AU CINEMA Denis et C\u00e9line r\u00eavent d\u2019avoir un enfant. Apr\u00e8s des ann\u00e9es d\u2019ins\u00e9minations artificielles infructueuses, ils se lancent dans le plan de la derni\u00e8re chance : demander \u00e0 Piche, un ancien camarade de classe dont Denis \u00e9tait le souffre douleur, de les aider. &nbsp; Sc\u00e9nario et r\u00e9alisation : Mathias et Colas Rifkiss &nbsp; Casting&hellip; <br \/> <a class=\"button small blue\" href=\"https:\/\/dunofilms.fr\/en\/de-plumes-et-de-plomb\/\">Read more<\/a><\/p>","protected":false},"author":1,"featured_media":0,"parent":0,"menu_order":0,"comment_status":"closed","ping_status":"closed","template":"full-width-page.php","meta":{"_crdt_document":"","footnotes":""},"class_list":["post-3489","page","type-page","status-publish","hentry"],"_links":{"self":[{"href":"https:\/\/dunofilms.fr\/en\/wp-json\/wp\/v2\/pages\/3489","targetHints":{"allow":["GET"]}}],"collection":[{"href":"https:\/\/dunofilms.fr\/en\/wp-json\/wp\/v2\/pages"}],"about":[{"href":"https:\/\/dunofilms.fr\/en\/wp-json\/wp\/v2\/types\/page"}],"author":[{"embeddable":true,"href":"https:\/\/dunofilms.fr\/en\/wp-json\/wp\/v2\/users\/1"}],"replies":[{"embeddable":true,"href":"https:\/\/dunofilms.fr\/en\/wp-json\/wp\/v2\/comments?post=3489"}],"version-history":[{"count":29,"href":"https:\/\/dunofilms.fr\/en\/wp-json\/wp\/v2\/pages\/3489\/revisions"}],"predecessor-version":[{"id":3982,"href":"https:\/\/dunofilms.fr\/en\/wp-json\/wp\/v2\/pages\/3489\/revisions\/3982"}],"wp:attachment":[{"href":"https:\/\/dunofilms.fr\/en\/wp-json\/wp\/v2\/media?parent=3489"}],"curies":[{"name":"wp","href":"https:\/\/api.w.org\/{rel}","templated":true}]}}

<div data-label="Content" data-id="content-image-left" data-category="content" class="content-left-image-section content-image-left" id="content-3" style="background-color: #ffffff; background-image: none;" data-ovid="ovid-content-3-2938">
<div class="gridContainer">
<div class="row">

<img loading="lazy" decoding="async" src="https://dunofilms.fr/wp-content/uploads/2026/04/AFFICHE-DEF_LPG_final-scaled.png" alt="" width="530" height="702" class="alignleft wp-image-3978" srcset="https://dunofilms.fr/wp-content/uploads/2026/04/AFFICHE-DEF_LPG_final-scaled.png 1932w, https://dunofilms.fr/wp-content/uploads/2026/04/AFFICHE-DEF_LPG_final-226x300.png 226w, https://dunofilms.fr/wp-content/uploads/2026/04/AFFICHE-DEF_LPG_final-773x1024.png 773w, https://dunofilms.fr/wp-content/uploads/2026/04/AFFICHE-DEF_LPG_final-768x1018.png 768w, https://dunofilms.fr/wp-content/uploads/2026/04/AFFICHE-DEF_LPG_final-1159x1536.png 1159w, https://dunofilms.fr/wp-content/uploads/2026/04/AFFICHE-DEF_LPG_final-1545x2048.png 1545w, https://dunofilms.fr/wp-content/uploads/2026/04/AFFICHE-DEF_LPG_final-9x12.png 9w, https://dunofilms.fr/wp-content/uploads/2026/04/AFFICHE-DEF_LPG_final-1024x1357.png 1024w, https://dunofilms.fr/wp-content/uploads/2026/04/AFFICHE-DEF_LPG_final-815x1080.png 815w" sizes="auto, (max-width: 530px) 100vw, 530px" />
<div class="content-left-image-textcol dynamic-color" data-type="column">
<h4 style="text-align: center;"><a href="https://www.allocine.fr/seance/film-1000012344/"><em>ACTUELLEMENT AU CINEMA</em></a></h4>
<h4 class="" style="text-align: center;">Denis et Céline rêvent d’avoir un enfant. Après des années d’inséminations artificielles infructueuses, ils se lancent dans le plan de la dernière chance : demander à Piche, un ancien camarade de classe dont Denis était le souffre douleur, de les aider.</h4>
&nbsp;
<p class="" style="text-align: center;"><strong>Scénario et réalisation :</strong> Mathias et Colas Rifkiss</p>
&nbsp;
<p style="text-align: center;"><strong>Casting :</strong> Sébastien Chassagne, Louise Massin, Oussama Kheddam et Delphine Baril</p>
&nbsp;
<p style="text-align: center;"><strong>Image :</strong> Romain Fisson</p>
&nbsp;
<p style="text-align: center;"><strong>Musique :</strong> Mathias et Colas Rifkiss</p>
&nbsp;
<p style="text-align: center;"><strong>Partenaires :</strong> Auvergne-Rhône-Alpes Cinéma, CNC, Dotimages</p>
<p style="text-align: center;"><strong>Sélections en Festivals – France :
</strong>Festival du Film Francophone d&rsquo;Angoulême 2025 ; Fifigrot 2025 ; Festival de Brides les Bains 2025 ; SMR13Festival 2025 ; Hors compétition au Festival du Premier Film d&rsquo;Annonay 2026 ; Festival du Film Auralpin 2026</p>
<p style="text-align: center;"><strong>Sélections en Festivals – Etrangers :
</strong>Festival International du Film de Comédie de Liège 2025</p>
<p style="text-align: center;"><strong>Awards :</strong>
Prix coup de cœur du public au Festival de Brides les Bains 2025 ; Prix d&rsquo;interprétation masculine pour Oussama Kheddam au Festival International du Film de Comédie de Liège 2025 ; Prix du Meilleur film &#8211; Prix d’interprétation masculine pour Oussama Kheddam &#8211; Prix spécial du jury pour Delphine Baril et Louise Massin au SMR13Festival 2025 ; Mention spéciale du Jury pour Louise Massin au Festival du Film Auralpin 2026</p>
<p style="text-align: center;"><strong>2025</strong></p>

</div>
</div>
</div>
</div>
<div data-label="Cta" data-id="cta-centered-bg-section" data-category="cta" class="cta-centered-bg-section white-text" data-parallax-depth="20" id="cta-1" style="background-color: #f6f6f6; background-image: url('https://dunofilms.fr/wp-content/uploads/2024/01/cropped-JINX_2609-e1705402766121.png'); background-size: cover; background-position: center top;" data-ovid="ovid-cta-1-2494">
<div class="gridContainer">
<div class="cta-centered-bg-section-row">
<div class="cta-centered-bg-section-row-2">
<div class="cta-centered-bg-section-col dynamic-color" data-type="column">
<h3 class="cta-centered-bg-section-title"><span class="cta-centered-bg-section-title-bold" href="#">The Mark </span>by Franck Richard</h3>
<a class="button big transparent white-text" href="https://dunofilms.fr/en/la-marque/" target="_self" data-icon="fa-arrow-right" rel="noopener"><span class="button-icon fa fa-arrow-right"></span> </a>

</div>
</div>
</div>
</div>
</div>

<p>ACTUELLEMENT AU CINEMA Denis et Céline rêvent d’avoir un enfant. Après des années d’inséminations artificielles infructueuses, ils se lancent dans le plan de la dernière chance : demander à Piche, un ancien camarade de classe dont Denis était le souffre douleur, de les aider. &nbsp; Scénario et réalisation : Mathias et Colas Rifkiss &nbsp; Casting&hellip; <br /> <a class="button small blue" href="https://dunofilms.fr/en/de-plumes-et-de-plomb/">Read more</a></p>
